{"id":844,"date":"2018-06-12T15:41:41","date_gmt":"2018-06-12T15:41:41","guid":{"rendered":"https:\/\/casaderetiroelmirador.com\/loginwp\/?page_id=844"},"modified":"2023-05-08T19:30:45","modified_gmt":"2023-05-08T19:30:45","slug":"sala","status":"publish","type":"page","link":"https:\/\/casaderetiroelmirador.com\/loginwp\/es\/sala\/","title":{"rendered":"Sala"},"content":{"rendered":"<div class=\"wpb-content-wrapper\"><p>[vc_row][vc_column heading_align=&#8221;text-center&#8221; align=&#8221;text-center&#8221;][vc_column_text]El centro de entretenimiento incluye una televisi\u00f3n grande y est\u00e9reo, biblioteca de pel\u00edculas y libros de varios temas, as\u00ed como un espacio para juegos de mesa y manualidades que se utilizan en la terapia ocupacional. Una gran chimenea se encuentra junto a los sillones reclinables especiales, en donde nuestros residentes pueden descansar con un m\u00e1ximo confort y seguridad.<\/p>\n<p>Tambi\u00e9n ofrecemos acceso a una computadora, para que nuestros residentes pueden conversar por videollamada a trav\u00e9s de Skype a cualquier lugar del mundo.[\/vc_column_text][vc_images_carousel images=&#8221;1471,614,615,616&#8243; img_size=&#8221;full&#8221; speed=&#8221;3000&#8243; autoplay=&#8221;yes&#8221;][\/vc_column][\/vc_row]<\/p>\n<\/div>","protected":false},"excerpt":{"rendered":"<p>[vc_row][vc_column heading_align=&#8221;text-center&#8221; align=&#8221;text-center&#8221;][vc_column_text]El centro de entretenimiento incluye una televisi\u00f3n grande y est\u00e9reo, biblioteca de pel\u00edculas y libros de varios temas, as\u00ed como un espacio para juegos de mesa y manualidades [&hellip;]<\/p>\n","protected":false},"author":1,"featured_media":807,"parent":841,"menu_order":0,"comment_status":"closed","ping_status":"closed","template":"","meta":{"footnotes":""},"class_list":["post-844","page","type-page","status-publish","has-post-thumbnail","hentry"],"_links":{"self":[{"href":"https:\/\/casaderetiroelmirador.com\/loginwp\/wp-json\/wp\/v2\/pages\/844","targetHints":{"allow":["GET"]}}],"collection":[{"href":"https:\/\/casaderetiroelmirador.com\/loginwp\/wp-json\/wp\/v2\/pages"}],"about":[{"href":"https:\/\/casaderetiroelmirador.com\/loginwp\/wp-json\/wp\/v2\/types\/page"}],"author":[{"embeddable":true,"href":"https:\/\/casaderetiroelmirador.com\/loginwp\/wp-json\/wp\/v2\/users\/1"}],"replies":[{"embeddable":true,"href":"https:\/\/casaderetiroelmirador.com\/loginwp\/wp-json\/wp\/v2\/comments?post=844"}],"version-history":[{"count":0,"href":"https:\/\/casaderetiroelmirador.com\/loginwp\/wp-json\/wp\/v2\/pages\/844\/revisions"}],"up":[{"embeddable":true,"href":"https:\/\/casaderetiroelmirador.com\/loginwp\/wp-json\/wp\/v2\/pages\/841"}],"wp:featuredmedia":[{"embeddable":true,"href":"https:\/\/casaderetiroelmirador.com\/loginwp\/wp-json\/wp\/v2\/media\/807"}],"wp:attachment":[{"href":"https:\/\/casaderetiroelmirador.com\/loginwp\/wp-json\/wp\/v2\/media?parent=844"}],"curies":[{"name":"wp","href":"https:\/\/api.w.org\/{rel}","templated":true}]}}