{"id":1280,"date":"2019-07-08T16:30:54","date_gmt":"2019-07-08T16:30:54","guid":{"rendered":"https:\/\/casaderetiroelmirador.com\/loginwp\/?page_id=1280"},"modified":"2021-05-17T16:53:23","modified_gmt":"2021-05-17T16:53:23","slug":"consulta-con-geriatra","status":"publish","type":"page","link":"https:\/\/casaderetiroelmirador.com\/loginwp\/consulta-con-geriatra\/","title":{"rendered":"Consulta con Geriatra"},"content":{"rendered":"<div class=\"wpb-content-wrapper\"><p>[vc_row][vc_column width=&#8221;1\/2&#8243;][vc_column_text]<span style=\"font-weight: 400;\">Visitar al geriatra es de suma importancia para cualquier persona mayor que desee mantener un buen estado de salud. Los geriatras son m\u00e9dicos especialistas en el cuidado de adultos mayores, estos cuentan con conocimientos especiales de enfermedades que com\u00fanmente suelen presentarse en personas mayores, tales como:\u00a0<\/span><\/p>\n<ul>\n<li style=\"font-weight: 400;\"><span style=\"font-weight: 400;\">Ca\u00eddas<\/span><\/li>\n<li style=\"font-weight: 400;\"><span style=\"font-weight: 400;\">Osteoporosis<\/span><\/li>\n<li style=\"font-weight: 400;\"><span style=\"font-weight: 400;\">Diabetes\u00a0<\/span><\/li>\n<li style=\"font-weight: 400;\"><span style=\"font-weight: 400;\">Incontinencia Urinaria\u00a0<\/span><\/li>\n<li style=\"font-weight: 400;\"><span style=\"font-weight: 400;\">Demencia\u00a0<\/span><\/li>\n<\/ul>\n<p><span style=\"font-weight: 400;\">El principal prop\u00f3sito de un geriatra es ocuparse de este tipo de problemas y enfermedades, ayudando a prevenirlas o manejarlas en caso de que ya se encuentren presentes, tambi\u00e9n se encargan de ayudarlos a sobrellevar el proceso de envejecimiento tanto m\u00e9dica como psicol\u00f3gicamente para que de esta forma les sea m\u00e1s sencillo adaptarse a los nuevos procesos sociales en los que van a adentrarse.\u00a0<\/span>[\/vc_column_text][vc_empty_space height=&#8221;50px&#8221;][vc_single_image image=&#8221;1278&#8243; img_size=&#8221;large&#8221;][\/vc_column][vc_column width=&#8221;1\/2&#8243;][vc_single_image image=&#8221;1277&#8243; img_size=&#8221;large&#8221;][vc_column_text]<span style=\"font-weight: 400;\">Estos pueden ayudar a las personas mayores de 65 a\u00f1os a cuidar su salud\u00a0 y evitar enfermedades cr\u00f3nicas y degenerativas, adem\u00e1s conocen bien el uso apropiado de los m\u00faltiples medicamentos que suelen necesitar los adultos mayores, por lo que ayudan a evitar el mal uso de este. Por otra parte si una persona ya tiene una enfermedad, el geriatra le ayudar\u00e1 a tratarla de la mejor manera posible, para que as\u00ed pueda seguir viviendo su vida con el mayor nivel de calidad posible.\u00a0<\/span><\/p>\n<p><span style=\"font-weight: 400;\">Para las personas mayores es de mucha ayuda recibir un servicio personalizado, pues al igual que a los ni\u00f1os se les lleva con un pediatra porque requieren cierto tipo de atenci\u00f3n especializada, los adultos mayores tambi\u00e9n necesitan ser atendidos especialmente para el tipo de cuestiones que se presentan en esa edad, en este caso por un geriatra.\u00a0<\/span><\/p>\n<p><span style=\"font-weight: 400;\">En Casa de Retiro El Mirador conocemos la importancia del cuidado de la salud en las personas mayores, por este motivo contamos con servicio de atenci\u00f3n geri\u00e1trica, la cual se brinda una vez al mes para poder monitorear y supervisar la salud de nuestros residentes, un complemento a los dem\u00e1s servicios con los que contamos para as\u00ed poder brindarles la seguridad tanto a nuestros residentes como a sus familiares de que siempre nos ocuparemos de que estos se encuentren lo m\u00e1s c\u00f3modos y saludables posibles.\u00a0<\/span>[\/vc_column_text][\/vc_column][\/vc_row]<\/p>\n<\/div>","protected":false},"excerpt":{"rendered":"<p>[vc_row][vc_column width=&#8221;1\/2&#8243;][vc_column_text]Visitar al geriatra es de suma importancia para cualquier persona mayor que desee mantener un buen estado de salud. Los geriatras son m\u00e9dicos especialistas en el cuidado de adultos [&hellip;]<\/p>\n","protected":false},"author":1,"featured_media":1964,"parent":0,"menu_order":0,"comment_status":"closed","ping_status":"closed","template":"","meta":{"footnotes":""},"class_list":["post-1280","page","type-page","status-publish","has-post-thumbnail","hentry"],"_links":{"self":[{"href":"https:\/\/casaderetiroelmirador.com\/loginwp\/wp-json\/wp\/v2\/pages\/1280","targetHints":{"allow":["GET"]}}],"collection":[{"href":"https:\/\/casaderetiroelmirador.com\/loginwp\/wp-json\/wp\/v2\/pages"}],"about":[{"href":"https:\/\/casaderetiroelmirador.com\/loginwp\/wp-json\/wp\/v2\/types\/page"}],"author":[{"embeddable":true,"href":"https:\/\/casaderetiroelmirador.com\/loginwp\/wp-json\/wp\/v2\/users\/1"}],"replies":[{"embeddable":true,"href":"https:\/\/casaderetiroelmirador.com\/loginwp\/wp-json\/wp\/v2\/comments?post=1280"}],"version-history":[{"count":0,"href":"https:\/\/casaderetiroelmirador.com\/loginwp\/wp-json\/wp\/v2\/pages\/1280\/revisions"}],"wp:featuredmedia":[{"embeddable":true,"href":"https:\/\/casaderetiroelmirador.com\/loginwp\/wp-json\/wp\/v2\/media\/1964"}],"wp:attachment":[{"href":"https:\/\/casaderetiroelmirador.com\/loginwp\/wp-json\/wp\/v2\/media?parent=1280"}],"curies":[{"name":"wp","href":"https:\/\/api.w.org\/{rel}","templated":true}]}}