{"id":1197,"date":"2019-07-04T18:50:40","date_gmt":"2019-07-04T18:50:40","guid":{"rendered":"https:\/\/casaderetiroelmirador.com\/loginwp\/?page_id=1197"},"modified":"2023-05-08T19:03:08","modified_gmt":"2023-05-08T19:03:08","slug":"supervision-medica-constante","status":"publish","type":"page","link":"https:\/\/casaderetiroelmirador.com\/loginwp\/es\/nuestros-servicios\/supervision-medica-constante\/","title":{"rendered":"Supervisi\u00f3n m\u00e9dica constante"},"content":{"rendered":"<div class=\"wpb-content-wrapper\"><p>[vc_row][vc_column width=&#8221;1\/2&#8243;][vc_column_text]<\/p>\n<h1><strong>Asistencia, cuidado y supervisi\u00f3n las 24 horas<\/strong><\/h1>\n<p>[\/vc_column_text][vc_column_text]<span style=\"font-weight: 400;\">A medida que las personas envejecen, se pierden destrezas que son necesarias para las actividades diarias y empiezan a presentarse ciertos padecimientos, incluyendo la p\u00e9rdida o la debilidad del sentido auditivo, dolores en la espalda, diabetes, depresi\u00f3n, entre otras. Pero uno de los problemas m\u00e1s notorios que afecta al individuo y aquellos que lo rodean es la p\u00e9rdida temporal o total de la memoria, b\u00e1sicamente, todo aquello que compone des\u00f3rdenes mentales. Esto puede estar acompa\u00f1ado por depresi\u00f3n, tensi\u00f3n o estr\u00e9s. Estos problemas mentales son bastante comunes en personas mayores, pero las conexiones sociales y familiares son factores beneficiosos que ayudan a ejercitar la mente y los lazos personales. Otro punto importante para la salud mental de las personas mayores es la atenci\u00f3n primaria de especialistas m\u00e9dicos, los cuales juegan un papel vital en la aplicaci\u00f3n y en el estudio de estas condiciones mentales.<\/span>[\/vc_column_text][vc_empty_space height=&#8221;50px&#8221;][vc_single_image image=&#8221;1186&#8243; img_size=&#8221;large&#8221;][\/vc_column][vc_column width=&#8221;1\/2&#8243;][vc_single_image image=&#8221;1185&#8243; img_size=&#8221;large&#8221;][vc_empty_space][vc_column_text]<span style=\"font-weight: 400;\">Debido a la p\u00e9rdida de la memoria en personas mayores, es necesario contar con el apoyo de enfermeras o enfermeros que ayuden a la persona, especialmente al momento de la\u00a0 medicaci\u00f3n. Del mismo modo,es necesario el asesoramiento de un m\u00e9dico que monitoree la salud de los residentes. Algunos de los problemas psicol\u00f3gicos m\u00e1s comunes en gente de la tercera edad son: demencia, des\u00f3rdenes afectivos y des\u00f3rdenes de sue\u00f1o.<\/span><\/p>\n<p>&nbsp;<\/p>\n<p><span style=\"font-weight: 400;\">En Casa del Retiro el Mirador sabemos que la p\u00e9rdida de ciertas habilidades puede limitar f\u00edsicamente a la persona para la realizaci\u00f3n de ciertas actividades, al igual que puede da\u00f1ar de manera considerable la mentalidad del adulto. Es por esto que contamos con servicio m\u00e9dico las 24 horas, que asesorar\u00e1 al hu\u00e9sped y al personal en todo momento. En cuanto al cuidado mental, es vital que los residentes realicen ejercicios que fortalezcan la mente, y cuando el personal note alg\u00fan cambio en la salud del residente, se les notificar\u00e1 a los familiares y al m\u00e9dico de cabecera para que se lleve a cabo un seguimiento del paciente. Esta seguridad y cuidado que se ofrece en Casa de Retiro el Mirador al adulto, permitir\u00e1 proveer a los miembros de la familia la seguridad y confianza de que su ser querido estar\u00e1 en buenas manos y con un cuidado apropiado.<\/span>[\/vc_column_text][\/vc_column][\/vc_row]<\/p>\n<\/div>","protected":false},"excerpt":{"rendered":"<p>[vc_row][vc_column width=&#8221;1\/2&#8243;][vc_column_text] Asistencia, cuidado y supervisi\u00f3n las 24 horas [\/vc_column_text][vc_column_text]A medida que las personas envejecen, se pierden destrezas que son necesarias para las actividades diarias y empiezan a presentarse ciertos [&hellip;]<\/p>\n","protected":false},"author":1,"featured_media":1943,"parent":853,"menu_order":0,"comment_status":"closed","ping_status":"closed","template":"","meta":{"footnotes":""},"class_list":["post-1197","page","type-page","status-publish","has-post-thumbnail","hentry"],"_links":{"self":[{"href":"https:\/\/casaderetiroelmirador.com\/loginwp\/wp-json\/wp\/v2\/pages\/1197","targetHints":{"allow":["GET"]}}],"collection":[{"href":"https:\/\/casaderetiroelmirador.com\/loginwp\/wp-json\/wp\/v2\/pages"}],"about":[{"href":"https:\/\/casaderetiroelmirador.com\/loginwp\/wp-json\/wp\/v2\/types\/page"}],"author":[{"embeddable":true,"href":"https:\/\/casaderetiroelmirador.com\/loginwp\/wp-json\/wp\/v2\/users\/1"}],"replies":[{"embeddable":true,"href":"https:\/\/casaderetiroelmirador.com\/loginwp\/wp-json\/wp\/v2\/comments?post=1197"}],"version-history":[{"count":0,"href":"https:\/\/casaderetiroelmirador.com\/loginwp\/wp-json\/wp\/v2\/pages\/1197\/revisions"}],"up":[{"embeddable":true,"href":"https:\/\/casaderetiroelmirador.com\/loginwp\/wp-json\/wp\/v2\/pages\/853"}],"wp:featuredmedia":[{"embeddable":true,"href":"https:\/\/casaderetiroelmirador.com\/loginwp\/wp-json\/wp\/v2\/media\/1943"}],"wp:attachment":[{"href":"https:\/\/casaderetiroelmirador.com\/loginwp\/wp-json\/wp\/v2\/media?parent=1197"}],"curies":[{"name":"wp","href":"https:\/\/api.w.org\/{rel}","templated":true}]}}